(y) + r*j(y). What is b(0)?
-4
Let a(g) = g**2 - 2*g + 4. Let z(m) be the first derivative of 5*m**2/2 - 27*m - 17. Let q be z(6). Determine a(q).
7
Let x(f) = -6*f**3 + 5*f**2 - 10*f - 4. Let u(q) = -13*q**3 + 10*q**2 - 22*q - 9. Let y(s) = -4*u(s) + 9*x(s). Determine y(3).
-15
Let u(i) be the first derivative of 5*i**2 - 6*i - 337. What is u(6)?
54
Let d(t) = -t**3 - 2*t**2 + 5*t + 7. Suppose 2*j = 3*g + 1, -12 - 1 = 3*g + j. Determine d(g).
1
Let v be 2200/374 + (-2)/(-17). Let n(a) = -a + 3*a + 0*a - 4. Give n(v).
8
Let k(c) be the first derivative of 2/3*c**3 - 48 - 1/4*c**4 - 4*c + 1/2*c**2. Let f(w) = -w**3 + 4*w**2 + 7*w - 7. Let d be f(5). What is k(d)?
-10
Suppose -t = -3*s + 4*t - 9, 4*t + 12 = -4*s. Let d(n) = -8*n + 4. Give d(s).
28
Let i(q) = -q**2 - 7*q - 4. Let s be i(-6). Suppose s*n + 0*n = 10. Let o(y) be the second derivative of -y**4/12 + 3*y**3/2 - 3*y**2 + y - 22. Determine o(n).
14
Let m = -39 + 45. Let a(y) = -3 - 6*y - 4*y**2 + y - y**3 + 7*y - m*y. Determine a(-3).
0
Let k = 12 + -10. Suppose -3*v + 36 = 4*d, -5*v = 4*d - 54 + k. Suppose -3 = 2*r + 5, r + v = -y. Let j(q) = q**2 + 5*q - 3. Give j(y).
-7
Let n(g) = 1 + 4*g**3 - 6*g**3 - 4*g - 6*g**2 + g**3. Suppose -5*j + 45 = 5*h, -h + j + 0 + 1 = 0. Suppose z + 0 = -h. Calculate n(z).
-4
Suppose -5*a - 9*k = -8*k + 57, 24 = -3*a - 4*k. Let w(y) = -y**2 - 10*y + 15. Calculate w(a).
-9
Let c(g) = -g**2 + 7*g - 4. Let f(x) = 10 - 40*x + 17*x + 19*x + x**2. Let q be f(3). Determine c(q).
-4
Let i(c) = 2*c**3 - 10*c**2 + 3*c - 9. Let q be 45/(-12)*(-1 + (-4)/12). What is i(q)?
6
Let g(s) = s**3 - 6*s**2 - 8*s + 9. Suppose 4*j = 8*j - 28. What is g(j)?
2
Suppose -3*f - 35 = 2*f. Let p(q) = 0*q + 8*q**2 + 17830*q**3 - 17829*q**3 + 7*q + 1. What is p(f)?
1
Let q(v) = 4*v + 5. Let t(x) = 1. Let n(m) = -q(m) - 4*t(m). Determine n(-7).
19
Suppose -38*l + 4*i + 16 = -42*l, 0 = 2*l - 2*i + 8. Let n(z) = z - 1. Let k be n(4). Let g(u) = 5 - 4*u**2 - 3*u + u**2 + 5*u - u**k. Determine g(l).
13
Let j(n) be the third derivative of -n**6/360 - 7*n**5/120 - n**4/4 + 5*n**3/3 - 18*n**2. Let w(k) be the first derivative of j(k). Give w(-4).
6
Let f = -22 + 79. Let j(x) = -x + 53*x**3 + f*x**3 + 4*x**2 - 109*x**3 + 1. Determine j(-5).
-19
Let s(b) = b**3 - 5*b**2 - 3*b + 2. Suppose m - 9 = 3*d, 3*m - 15 = d + 2*d. Suppose 0 = -4*f + m*g - 2*g + 20, 3*f + 5*g = 15. Give s(f).
-13
Let k(q) be the second derivative of q**5/20 - q**3/2 + q**2 + 2*q - 35. Let u be (-1 - -1)/(2 - 4). Let s be -1 - ((u - -1) + 1). Give k(s).
-16
Let x = -592 + 586. Let j(g) = -g**2 - 6*g. What is j(x)?
0
Let w = 14 + -6. Suppose 3*n + 3 = 3*p - 0*p, -4*p + n - w = 0. Let d(t) = 4*t - 6 + 1 + 6. Give d(p).
-11
Let v(m) = m**2 + 4*m - 13. Let n be -1 - (-21)/(-4) - 50/(-200). What is v(n)?
-1
Let j(s) = -s + 2. Suppose 0 = -9*n + 10*n + 1. Let m be (n + -1)/((-24)/60). Determine j(m).
-3
Let x(g) = 15 + g - g - 13 - 2*g. Calculate x(2).
-2
Let y(j) = 11*j**3 + 2*j**2 - 1. Suppose 27*c - 26*c = -1. What is y(c)?
-10
Let t = 204 + -201. Let b(a) = -2*a**2 + 2. What is b(t)?
-16
Let m(s) = -3*s - 2. Let v = 773 + -783. Give m(v).
28
Let l(c) = -c**2 + 6*c - 6. Let o be l(4). Suppose -5*g = s - 0*s - 27, 0 = -3*s - o*g + 16. Let h(n) = -n**s + 122*n**3 + 3*n**2 - 123*n**3. Give h(2).
0
Let v(x) = -12*x + 101. Let y(w) = -6*w + 51. Let u(t) = 6*v(t) - 13*y(t). Calculate u(11).
9
Let x be 0/(-4) - 0 - -3. Suppose 0 = -5*y + 7 + x. Suppose -2*h + 10 = -y. Let w(o) = 2*o - 6. What is w(h)?
6
Let h(y) = -103 + 2*y - 139 + 277. Calculate h(-13).
9
Let k = -23 - -46. Suppose 5*n + 35 = -3*g + 7*g, 4*g - k = n. Let z(x) = -x**2 - 5*x - 4. Determine z(n).
2
Let c(b) be the second derivative of b**4/12 + 5*b**3/6 - 3*b**2/2 + 95*b - 2. Give c(-6).
3
Let s(b) = -b**2 - 4*b - 5. Let m = 14 + -8. Suppose 4*c - 6*c = -m. Suppose 11 = -2*o + c. Give s(o).
-5
Let k(c) = 0 - 11*c - 37 - 13*c**2 - 7*c - 17*c**2 + 29*c**2. Determine k(-15).
8
Let j = -11 - -8. Let t be (1*(-1 - j))/(-2). Let c(f) be the second derivative of 3*f**3/2 + f**2/2 - 67*f. Determine c(t).
-8
Suppose 3*m + 11 = -7. Let q(d) = d + 1. Let c(f) = -3*f - 3. Let j(s) = c(s) + 2*q(s). What is j(m)?
5
Let j(l) be the third derivative of l**4/12 - 17*l**3/6 + 12*l**2 - 3. Determine j(9).
1
Let f(p) be the third derivative of -p**4/8 - p**3/3 + 32*p**2 - 3*p. What is f(7)?
-23
Let f(o) = 9*o - 52. Let n be f(5). Let d(s) be the third derivative of s**6/120 + 7*s**5/60 - s**4/12 - 5*s**3/3 + s**2. Give d(n).
4
Let f(s) be the first derivative of s**7/840 + s**6/120 + s**5/40 + s**4/6 - 5*s**3 - 5. Let b(u) be the third derivative of f(u). What is b(-3)?
-5
Let s(y) = 13*y - 44*y + 16*y + 16*y + 15. Calculate s(-10).
5
Let w(h) = -h - 1. Let i(a) = -2*a**3 + 2*a**2 - 5*a - 2. Let v(f) = -i(f) + 3*w(f). Suppose 0 = -54*c + 219 - 111. Give v(c).
11
Let a(b) = -b**2 + 11*b - 5. Suppose 308 = 33*q - 55. Calculate a(q).
-5
Let l = -10 + 13. Suppose 0 = 5*h - p - 50 + 20, -2*h + l*p = -12. Let n(z) = -2 - 7*z**3 + 5*z**2 - 2*z - z**2 + h*z**3 + 3. What is n(3)?
4
Let h(p) be the third derivative of 1/6*p**4 + 0*p - 1/60*p**5 + 0 + 4*p**2 + 1/6*p**3. Determine h(4).
1
Let y(k) = -11*k + 1. Suppose -3*r - 15 = -11*v + 14*v, 7 = v - 3*r. Give y(v).
23
Let y(x) = -8*x - 7. Let a be y(-3). Let t = a + -15. Let v be (4 + -6 + t)/2. Let b(q) = -q. Give b(v).
0
Let w(d) = 2*d**3 - 4*d**2 - 4*d + 3. Suppose p + 36*p = 148. Calculate w(p).
51
Let r = -4 - -2. Let b(g) be the first derivative of -2*g**2 - 5*g - 22. Let y be b(r). Let n(s) = s**2 - 3*s + 1. Calculate n(y).
1
Let a = -12 - -12. Let d(o) = 3*o**2 - 5*o + 28. Let n(p) = -p**2 + 2*p - 9. Let t(m) = 3*d(m) + 8*n(m). Give t(a).
12
Let l(r) = -7*r**3 - 2*r**2 + 4*r**2 + 12 - 8*r**3 - 13 + 10*r**3. Give l(-1).
6
Suppose 2*b = -8, 2 = 3*i + 3*b + 11. Let s(x) be the first derivative of 0*x - 1/2*x**2 + 21. Give s(i).
-1
Let s(l) be the third derivative of -l**4/24 + l**3/3 - 276*l**2. What is s(-10)?
12
Let s = -514 - -508. Let w(z) = -6*z - 4*z**3 + 3 + z**3 + 2*z**3 - 7*z**2. Let v be w(s). Let n(k) = -k**3 + 4*k**2 - 3*k + 1. What is n(v)?
1
Suppose 11*v - 5*j - 5 = 15*v, 1 = -j. Let x(z) = 4*z**3 + 4*z**2 - 4*z - 7. Let u(k) = -7*k**3 - 7*k**2 + 7*k + 13. Let a(c) = 3*u(c) + 5*x(c). Give a(v).
4
Let m(i) = -i**2 + 8*i - 9. Let f be m(7). Let b be f*(-1)/(-4 - -3). Let k(l) be the second derivative of l**5/20 + l**3/3 + l**2/2 - l + 5. Determine k(b).
-11
Let w = 8 - 5. Let c(g) = -g - 2. Let v(k) = -k. Let p(n) = 3*n + 1. Let q(h) = 2*p(h) + 5*v(h). Let y(l) = 6*c(l) + 5*q(l). Calculate y(w).
-5
Suppose 0*z + 2*g = 5*z + 65, z + 2*g = -13. Let y(l) = l**3 + 14*l**2 + 17*l - 2. Determine y(z).
-54
Let s(k) be the first derivative of -k**4/4 + 9*k**3 + k**2/2 - 24*k - 254. What is s(27)?
3
Let x(u) be the first derivative of -u**2 + 10*u + 421. Calculate x(4).
2
Let t(g) = 2*g - 2. Let u = 10 - 8. Suppose -5*z = 2*i - 28, -i + u*z - 4 = -0*i. Determine t(i).
6
Let x(a) = a**3 + 8*a**2 - 10*a - 6. Let r = -221 - -385. Let m = r - 173. What is x(m)?
3
Let c(i) = i**3 - 3*i**2 - 7*i + 12. Suppose -27*s - 121 + 202 = 0. What is c(s)?
-9
Let s(o) be the first derivative of -o**5/60 + o**4/12 + 2*o**3/3 + 7*o**2/2 + 16. Let f(y) be the second derivative of s(y). What is f(-3)?
-11
Let q(j) be the second derivative of -j**7/840 - j**6/60 + j**5/20 - 7*j**4/24 + 4*j**3/3 - 4*j. Let s(z) be the second derivative of q(z). What is s(-7)?
0
Suppose 4*z + 26 = 2*u, 2*z + 0 - 2 = -4*u. Let v(a) = a**u + a**2 - 24*a + 2 + 25*a + 0*a**3. Calculate v(-2).
-4
Let y(n) = n**2 - 2*n - 80. Let g be y(10). Let k(i) = i**3 - i**2 - i - 56. Calculate k(g).
-56
Let w(h) = 21 + 2*h + 0 - 4 + 21. Give w(-17).
4
Let b(d) be the first derivative of d**2/2 + 2*d + 2. Suppose v + 4*n + 2 = 0, 3*v - n - 32 = -12. Let p = v + -10. What is b(p)?
-2
Let f(h) = 2*h**3 - h**2 - 5*h - 1. Let o be f(-2). Suppose d = 8 - 1. Let c = d + o. Let r(p) = p**3 + 4*p**2 + 3*p + 5. What is r(c)?
-7
Let p(t) = 5 - 8*t + 18*t**2 + 11*t**2 - 31*t**2. Give p(-6).
-19
Let r(t) = 8*t - 12. Let q be r(2). Let c(a) = 13 + 6 + q*a**2 - 24 + 4*a - a**3 + 3*a. Give c(5).
5
Let z(o) be the second derivative of -o**5/20 + 3*o**4/4 + o**3/6 - 7*o**2/2 + 3*o. Suppose -11 - 16 = -3*n. L